{"id":500,"date":"2023-05-23T10:08:21","date_gmt":"2023-05-23T09:08:21","guid":{"rendered":"http:\/\/boutiquedelmantel.ymanera.es\/?page_id=500"},"modified":"2025-02-20T13:02:35","modified_gmt":"2025-02-20T13:02:35","slug":"servicios-y-procedimientos","status":"publish","type":"page","link":"https:\/\/boutiquedelmantel.com\/?page_id=500","title":{"rendered":"Servicios y procedimientos"},"content":{"rendered":"<p>[et_pb_section fb_built=\u00bb1&#8243; admin_label=\u00bbsection\u00bb _builder_version=\u00bb4.16&#8243; global_colors_info=\u00bb{}\u00bb theme_builder_area=\u00bbpost_content\u00bb][et_pb_row admin_label=\u00bbrow\u00bb _builder_version=\u00bb4.16&#8243; background_size=\u00bbinitial\u00bb background_position=\u00bbtop_left\u00bb background_repeat=\u00bbrepeat\u00bb global_colors_info=\u00bb{}\u00bb theme_builder_area=\u00bbpost_content\u00bb][et_pb_column type=\u00bb4_4&#8243; _builder_version=\u00bb4.16&#8243; custom_padding=\u00bb|||\u00bb global_colors_info=\u00bb{}\u00bb custom_padding__hover=\u00bb|||\u00bb theme_builder_area=\u00bbpost_content\u00bb][et_pb_text admin_label=\u00bbText\u00bb _builder_version=\u00bb4.27.2&#8243; background_size=\u00bbinitial\u00bb background_position=\u00bbtop_left\u00bb background_repeat=\u00bbrepeat\u00bb global_colors_info=\u00bb{}\u00bb theme_builder_area=\u00bbpost_content\u00bb]<\/p>\n<p><strong>REGISTRO DE ACTIVIDADES DE TRATAMIENTO DE DATOS PERSONALES<\/strong><\/p>\n<p>De acuerdo a la \u00abDisposici\u00f3n final und\u00e9cima. Modificaci\u00f3n de la Ley 19\/2013, de 9 de diciembre, de transparencia, acceso a la informaci\u00f3n p\u00fablica y buen gobierno\u00bb de la <a href=\"https:\/\/www.boe.es\/buscar\/pdf\/2018\/BOE-A-2018-16673-consolidado.pdf\">Ley Org\u00e1nica 3\/2018, de 5 de diciembre, de Protecci\u00f3n de Datos Personales y garant\u00eda de los derechos digitales<\/a>\u00a0, se modifica la\u00a0<a href=\"https:\/\/www.boe.es\/buscar\/pdf\/2013\/BOE-A-2013-12887-consolidado.pdf\">Ley 19\/2013, de 9 de diciembre, de transparencia, acceso a la informaci\u00f3n p\u00fablica y buen gobierno<\/a>., en los siguientes t\u00e9rminos:<\/p>\n<p>Uno. Se a\u00f1ade un nuevo art\u00edculo 6 bis, con la siguiente redacci\u00f3n:<\/p>\n<p>&lt;&lt; Art\u00edculo 6 bis. Registro de actividades de tratamiento. Los sujetos enumerados en el art\u00edculo 77.1 de la Ley Org\u00e1nica de Protecci\u00f3n de Datos Personales y Garant\u00eda de los Derechos Digitales, publicar\u00e1n su inventario de actividades de tratamiento en aplicaci\u00f3n del art\u00edculo 31 de la citada Ley Org\u00e1nica.&gt;&gt;<\/p>\n<p>La entidad mercantil BOUTIQUE DEL MANTEL, S.L. no se encuentra enumerada dentro del art\u00edculo 77.1 por lo que no tiene obligaci\u00f3n de publicar el inventario de actividades de tratamiento seg\u00fan los t\u00e9rminos del art\u00edculo 31 de la citada ley.<\/p>\n<p><strong>SERVICIOS<\/strong><\/p>\n<p><strong>Ventanilla \u00danica<\/strong><\/p>\n<p>Se dispone en nuestra web un servicio de <a href=\"https:\/\/boutiquedelmantel.com\/transparencia\/ventanilla-unica\/\">ventanilla \u00fanica<\/a><\/p>\n<p><strong>Servicio de atenci\u00f3n a los consumidores y usuarios<\/strong><\/p>\n<p>Servicio de atenci\u00f3n a los consumidores y usuarios<\/p>\n<p>BOUTIQUE DEL MANTEL. S.L. deber\u00e1 atender las quejas o reclamaciones presentadas por sus consumidores o usuarios. Asimismo, la empresa dispondr\u00e1 de un servicio de atenci\u00f3n a los consumidores o usuarios, que necesariamente tramitar\u00e1 y resolver\u00e1 cuantas quejas y reclamaciones referidas a los servicios que se presenten por cualquier consumidor o usuario que contrate los servicios, as\u00ed como por asociaciones y organizaciones de consumidores y usuarios en su representaci\u00f3n o en defensa de sus interes<\/p>\n<p style=\"text-align: right;\">\u00daLTIMA ACTUALIZACI\u00d3N:<br \/><strong>6 DE FEBRERO DE 2025<\/strong><\/p>\n<p>[\/et_pb_text][\/et_pb_column][\/et_pb_row][\/et_pb_section]<\/p>\n","protected":false},"excerpt":{"rendered":"<p>REGISTRO DE ACTIVIDADES DE TRATAMIENTO DE DATOS PERSONALES De acuerdo a la \u00abDisposici\u00f3n final und\u00e9cima. Modificaci\u00f3n de la Ley 19\/2013, de 9 de diciembre, de transparencia, acceso a la informaci\u00f3n p\u00fablica y buen gobierno\u00bb de la Ley Org\u00e1nica 3\/2018, de 5 de diciembre, de Protecci\u00f3n de Datos Personales y garant\u00eda de los derechos digitales\u00a0, se [&hellip;]<\/p>\n","protected":false},"author":1,"featured_media":0,"parent":476,"menu_order":0,"comment_status":"closed","ping_status":"closed","template":"","meta":{"_et_pb_use_builder":"on","_et_pb_old_content":"<strong>REGISTRO DE ACTIVIDADES DE TRATAMIENTO DE DATOS PERSONALES<\/strong>\r\n\r\nDe acuerdo a la \"Disposici\u00f3n final und\u00e9cima. Modificaci\u00f3n de la Ley 19\/2013, de 9 de diciembre, de transparencia, acceso a la informaci\u00f3n p\u00fablica y buen gobierno\" de la <a href=\"https:\/\/www.boe.es\/buscar\/pdf\/2018\/BOE-A-2018-16673-consolidado.pdf\">Ley Org\u00e1nica 3\/2018, de 5 de diciembre, de Protecci\u00f3n de Datos Personales y garant\u00eda de los derechos digitales<\/a>\u00a0, se modifica la\u00a0<a href=\"https:\/\/www.boe.es\/buscar\/pdf\/2013\/BOE-A-2013-12887-consolidado.pdf\">Ley 19\/2013, de 9 de diciembre, de transparencia, acceso a la informaci\u00f3n p\u00fablica y buen gobierno<\/a>., en los siguientes t\u00e9rminos:\r\n\r\nUno. Se a\u00f1ade un nuevo art\u00edculo 6 bis, con la siguiente redacci\u00f3n:\r\n\r\n&lt;&lt; Art\u00edculo 6 bis. Registro de actividades de tratamiento. Los sujetos enumerados en el art\u00edculo 77.1 de la Ley Org\u00e1nica de Protecci\u00f3n de Datos Personales y Garant\u00eda de los Derechos Digitales, publicar\u00e1n su inventario de actividades de tratamiento en aplicaci\u00f3n del art\u00edculo 31 de la citada Ley Org\u00e1nica.&gt;&gt;\r\n\r\nLa entidad mercantil BOUTIQUE DEL MANTEL, S.L. no se encuentra enumerada dentro del art\u00edculo 77.1 por lo que no tiene obligaci\u00f3n de publicar el inventario de actividades de tratamiento seg\u00fan los t\u00e9rminos del art\u00edculo 31 de la citada ley.\r\n\r\n<strong>SERVICIOS<\/strong>\r\n\r\n<strong>Ventanilla \u00danica<\/strong>\r\n\r\nSe dispone en nuestra web un servicio de <a href=\"http:\/\/www.boutiquedelmantel.com\/contacto\/\">ventanilla \u00fanica<\/a>\r\n\r\n<strong>Servicio de atenci\u00f3n a los consumidores y usuarios<\/strong>\r\n\r\nServicio de atenci\u00f3n a los consumidores y usuarios\r\n\r\nBOUTIQUE DEL MANTEL. S.L. deber\u00e1 atender las quejas o reclamaciones presentadas por sus consumidores o usuarios. Asimismo, la empresa dispondr\u00e1 de un servicio de atenci\u00f3n a los consumidores o usuarios, que necesariamente tramitar\u00e1 y resolver\u00e1 cuantas quejas y reclamaciones referidas a los servicios que se presenten por cualquier consumidor o usuario que contrate los servicios, as\u00ed como por asociaciones y organizaciones de consumidores y usuarios en su representaci\u00f3n o en defensa de sus interes\r\n<p style=\"text-align: right;\"><strong>\u00daLTIMA ACTUALIZACI\u00d3N: 11 DE JULIO 2022<\/strong><\/p>","_et_gb_content_width":"","footnotes":""},"class_list":["post-500","page","type-page","status-publish","hentry"],"_links":{"self":[{"href":"https:\/\/boutiquedelmantel.com\/index.php?rest_route=\/wp\/v2\/pages\/500","targetHints":{"allow":["GET"]}}],"collection":[{"href":"https:\/\/boutiquedelmantel.com\/index.php?rest_route=\/wp\/v2\/pages"}],"about":[{"href":"https:\/\/boutiquedelmantel.com\/index.php?rest_route=\/wp\/v2\/types\/page"}],"author":[{"embeddable":true,"href":"https:\/\/boutiquedelmantel.com\/index.php?rest_route=\/wp\/v2\/users\/1"}],"replies":[{"embeddable":true,"href":"https:\/\/boutiquedelmantel.com\/index.php?rest_route=%2Fwp%2Fv2%2Fcomments&post=500"}],"version-history":[{"count":5,"href":"https:\/\/boutiquedelmantel.com\/index.php?rest_route=\/wp\/v2\/pages\/500\/revisions"}],"predecessor-version":[{"id":582,"href":"https:\/\/boutiquedelmantel.com\/index.php?rest_route=\/wp\/v2\/pages\/500\/revisions\/582"}],"up":[{"embeddable":true,"href":"https:\/\/boutiquedelmantel.com\/index.php?rest_route=\/wp\/v2\/pages\/476"}],"wp:attachment":[{"href":"https:\/\/boutiquedelmantel.com\/index.php?rest_route=%2Fwp%2Fv2%2Fmedia&parent=500"}],"curies":[{"name":"wp","href":"https:\/\/api.w.org\/{rel}","templated":true}]}}

<p>[et_pb_section fb_built=»1&#8243; admin_label=»section» _builder_version=»4.16&#8243; global_colors_info=»{}» theme_builder_area=»post_content»][et_pb_row admin_label=»row» _builder_version=»4.16&#8243; background_size=»initial» background_position=»top_left» background_repeat=»repeat» global_colors_info=»{}» theme_builder_area=»post_content»][et_pb_column type=»4_4&#8243; _builder_version=»4.16&#8243; custom_padding=»|||» global_colors_info=»{}» custom_padding__hover=»|||» theme_builder_area=»post_content»][et_pb_text admin_label=»Text» _builder_version=»4.27.2&#8243; background_size=»initial» background_position=»top_left» background_repeat=»repeat» global_colors_info=»{}» theme_builder_area=»post_content»]</p>
<p><strong>REGISTRO DE ACTIVIDADES DE TRATAMIENTO DE DATOS PERSONALES</strong></p>
<p>De acuerdo a la «Disposición final undécima. Modificación de la Ley 19/2013, de 9 de diciembre, de transparencia, acceso a la información pública y buen gobierno» de la <a href="https://www.boe.es/buscar/pdf/2018/BOE-A-2018-16673-consolidado.pdf">Ley Orgánica 3/2018, de 5 de diciembre, de Protección de Datos Personales y garantía de los derechos digitales</a> , se modifica la <a href="https://www.boe.es/buscar/pdf/2013/BOE-A-2013-12887-consolidado.pdf">Ley 19/2013, de 9 de diciembre, de transparencia, acceso a la información pública y buen gobierno</a>., en los siguientes términos:</p>
<p>Uno. Se añade un nuevo artículo 6 bis, con la siguiente redacción:</p>
<p>&lt;&lt; Artículo 6 bis. Registro de actividades de tratamiento. Los sujetos enumerados en el artículo 77.1 de la Ley Orgánica de Protección de Datos Personales y Garantía de los Derechos Digitales, publicarán su inventario de actividades de tratamiento en aplicación del artículo 31 de la citada Ley Orgánica.&gt;&gt;</p>
<p>La entidad mercantil BOUTIQUE DEL MANTEL, S.L. no se encuentra enumerada dentro del artículo 77.1 por lo que no tiene obligación de publicar el inventario de actividades de tratamiento según los términos del artículo 31 de la citada ley.</p>
<p><strong>SERVICIOS</strong></p>
<p><strong>Ventanilla Única</strong></p>
<p>Se dispone en nuestra web un servicio de <a href="https://boutiquedelmantel.com/transparencia/ventanilla-unica/">ventanilla única</a></p>
<p><strong>Servicio de atención a los consumidores y usuarios</strong></p>
<p>Servicio de atención a los consumidores y usuarios</p>
<p>BOUTIQUE DEL MANTEL. S.L. deberá atender las quejas o reclamaciones presentadas por sus consumidores o usuarios. Asimismo, la empresa dispondrá de un servicio de atención a los consumidores o usuarios, que necesariamente tramitará y resolverá cuantas quejas y reclamaciones referidas a los servicios que se presenten por cualquier consumidor o usuario que contrate los servicios, así como por asociaciones y organizaciones de consumidores y usuarios en su representación o en defensa de sus interes</p>
<p style="text-align: right;">ÚLTIMA ACTUALIZACIÓN:<br /><strong>6 DE FEBRERO DE 2025</strong></p>
<p>[/et_pb_text][/et_pb_column][/et_pb_row][/et_pb_section]</p>

<p>REGISTRO DE ACTIVIDADES DE TRATAMIENTO DE DATOS PERSONALES De acuerdo a la «Disposición final undécima. Modificación de la Ley 19/2013, de 9 de diciembre, de transparencia, acceso a la información pública y buen gobierno» de la Ley Orgánica 3/2018, de 5 de diciembre, de Protección de Datos Personales y garantía de los derechos digitales , se [&hellip;]</p>

<strong>REGISTRO DE ACTIVIDADES DE TRATAMIENTO DE DATOS PERSONALES</strong>

De acuerdo a la "Disposición final undécima. Modificación de la Ley 19/2013, de 9 de diciembre, de transparencia, acceso a la información pública y buen gobierno" de la <a href="https://www.boe.es/buscar/pdf/2018/BOE-A-2018-16673-consolidado.pdf">Ley Orgánica 3/2018, de 5 de diciembre, de Protección de Datos Personales y garantía de los derechos digitales</a> , se modifica la <a href="https://www.boe.es/buscar/pdf/2013/BOE-A-2013-12887-consolidado.pdf">Ley 19/2013, de 9 de diciembre, de transparencia, acceso a la información pública y buen gobierno</a>., en los siguientes términos:

Uno. Se añade un nuevo artículo 6 bis, con la siguiente redacción:

&lt;&lt; Artículo 6 bis. Registro de actividades de tratamiento. Los sujetos enumerados en el artículo 77.1 de la Ley Orgánica de Protección de Datos Personales y Garantía de los Derechos Digitales, publicarán su inventario de actividades de tratamiento en aplicación del artículo 31 de la citada Ley Orgánica.&gt;&gt;

La entidad mercantil BOUTIQUE DEL MANTEL, S.L. no se encuentra enumerada dentro del artículo 77.1 por lo que no tiene obligación de publicar el inventario de actividades de tratamiento según los términos del artículo 31 de la citada ley.

<strong>SERVICIOS</strong>

<strong>Ventanilla Única</strong>

Se dispone en nuestra web un servicio de <a href="http://www.boutiquedelmantel.com/contacto/">ventanilla única</a>

<strong>Servicio de atención a los consumidores y usuarios</strong>

Servicio de atención a los consumidores y usuarios

BOUTIQUE DEL MANTEL. S.L. deberá atender las quejas o reclamaciones presentadas por sus consumidores o usuarios. Asimismo, la empresa dispondrá de un servicio de atención a los consumidores o usuarios, que necesariamente tramitará y resolverá cuantas quejas y reclamaciones referidas a los servicios que se presenten por cualquier consumidor o usuario que contrate los servicios, así como por asociaciones y organizaciones de consumidores y usuarios en su representación o en defensa de sus interes
<p style="text-align: right;"><strong>ÚLTIMA ACTUALIZACIÓN: 11 DE JULIO 2022</strong></p>
