{"id":484,"date":"2023-05-23T10:00:35","date_gmt":"2023-05-23T09:00:35","guid":{"rendered":"http:\/\/boutiquedelmantel.ymanera.es\/?page_id=484"},"modified":"2025-02-20T09:50:06","modified_gmt":"2025-02-20T09:50:06","slug":"ayudas-y-subvenciones","status":"publish","type":"page","link":"https:\/\/boutiquedelmantel.com\/?page_id=484","title":{"rendered":"Ayudas y Subvenciones"},"content":{"rendered":"<p>[et_pb_section fb_built=\u00bb1&#8243; admin_label=\u00bbsection\u00bb _builder_version=\u00bb4.16&#8243; global_colors_info=\u00bb{}\u00bb][et_pb_row admin_label=\u00bbrow\u00bb _builder_version=\u00bb4.16&#8243; background_size=\u00bbinitial\u00bb background_position=\u00bbtop_left\u00bb background_repeat=\u00bbrepeat\u00bb global_colors_info=\u00bb{}\u00bb][et_pb_column type=\u00bb4_4&#8243; _builder_version=\u00bb4.16&#8243; custom_padding=\u00bb|||\u00bb global_colors_info=\u00bb{}\u00bb custom_padding__hover=\u00bb|||\u00bb][et_pb_text admin_label=\u00bbText\u00bb _builder_version=\u00bb4.27.2&#8243; background_size=\u00bbinitial\u00bb background_position=\u00bbtop_left\u00bb background_repeat=\u00bbrepeat\u00bb hover_enabled=\u00bb0&#8243; global_colors_info=\u00bb{}\u00bb sticky_enabled=\u00bb0&#8243;]<\/p>\n<p>No son aplicables a la empresa BOUTIQUE DEL MANTEL, S.L. las normas referidas a la publicaci\u00f3n de subvenciones, pues la empresa no concede ayudas p\u00fablicas ni subvenciones conforme la <a href=\"https:\/\/www.boe.es\/buscar\/pdf\/2003\/BOE-A-2003-20977-consolidado.pdf\">\u00a0Ley 38\/2003, de 17 de noviembre, General de Subvenciones.<\/a><\/p>\n<p>Seg\u00fan indica, el art\u00edculo 3 de la <a href=\"https:\/\/www.boe.es\/buscar\/pdf\/2017\/BOE-A-2017-12902-consolidado.pdf\">Ley 9\/2017, de 8 de noviembre, de Contratos del Sector P\u00fablico<\/a>, aunque somos una empresa privada.<\/p>\n<p>Sin embargo, hemos sido beneficiarios o adjudicatarios de las siguientes ayudas p\u00fablicas o subvenciones, seg\u00fan se desprende del Sistema Nacional de Publicidad de Subvenciones y Ayudas P\u00fablicas:<\/p>\n<p><a href=\"https:\/\/boutiquedelmantel.com\/wp-content\/uploads\/2023\/05\/Ayudas-y-subvenciones_1.jpg\"><img loading=\"lazy\" decoding=\"async\" class=\"wp-image-485 alignnone size-full\" src=\"https:\/\/boutiquedelmantel.com\/wp-content\/uploads\/2023\/05\/Ayudas-y-subvenciones_1.jpg\" alt=\"\" width=\"1077\" height=\"732\" srcset=\"https:\/\/boutiquedelmantel.com\/wp-content\/uploads\/2023\/05\/Ayudas-y-subvenciones_1.jpg 1077w, https:\/\/boutiquedelmantel.com\/wp-content\/uploads\/2023\/05\/Ayudas-y-subvenciones_1-980x666.jpg 980w, https:\/\/boutiquedelmantel.com\/wp-content\/uploads\/2023\/05\/Ayudas-y-subvenciones_1-480x326.jpg 480w\" sizes=\"(min-width: 0px) and (max-width: 480px) 480px, (min-width: 481px) and (max-width: 980px) 980px, (min-width: 981px) 1077px, 100vw\" \/><\/a> <a href=\"https:\/\/boutiquedelmantel.com\/wp-content\/uploads\/2023\/05\/Ayudas-y-subvenciones_2.jpg\"><img loading=\"lazy\" decoding=\"async\" class=\"wp-image-486 alignnone size-full\" src=\"https:\/\/boutiquedelmantel.com\/wp-content\/uploads\/2023\/05\/Ayudas-y-subvenciones_2.jpg\" alt=\"\" width=\"993\" height=\"747\" srcset=\"https:\/\/boutiquedelmantel.com\/wp-content\/uploads\/2023\/05\/Ayudas-y-subvenciones_2.jpg 993w, https:\/\/boutiquedelmantel.com\/wp-content\/uploads\/2023\/05\/Ayudas-y-subvenciones_2-980x737.jpg 980w, https:\/\/boutiquedelmantel.com\/wp-content\/uploads\/2023\/05\/Ayudas-y-subvenciones_2-480x361.jpg 480w\" sizes=\"(min-width: 0px) and (max-width: 480px) 480px, (min-width: 481px) and (max-width: 980px) 980px, (min-width: 981px) 993px, 100vw\" \/><\/a> <a href=\"https:\/\/boutiquedelmantel.com\/wp-content\/uploads\/2023\/05\/Ayudas-y-subvenciones_3.jpg\"><img loading=\"lazy\" decoding=\"async\" class=\"wp-image-487 alignnone size-full\" src=\"https:\/\/boutiquedelmantel.com\/wp-content\/uploads\/2023\/05\/Ayudas-y-subvenciones_3.jpg\" alt=\"\" width=\"966\" height=\"372\" srcset=\"https:\/\/boutiquedelmantel.com\/wp-content\/uploads\/2023\/05\/Ayudas-y-subvenciones_3.jpg 966w, https:\/\/boutiquedelmantel.com\/wp-content\/uploads\/2023\/05\/Ayudas-y-subvenciones_3-480x185.jpg 480w\" sizes=\"(min-width: 0px) and (max-width: 480px) 480px, (min-width: 481px) 966px, 100vw\" \/><\/a><\/p>\n<p style=\"text-align: right;\">\u00daLTIMA ACTUALIZACI\u00d3N:<br \/><strong>6 DE FEBRERO DE 2025<\/strong><\/p>\n<p>[\/et_pb_text][\/et_pb_column][\/et_pb_row][\/et_pb_section]<\/p>\n","protected":false},"excerpt":{"rendered":"<p>No son aplicables a la empresa BOUTIQUE DEL MANTEL, S.L. las normas referidas a la publicaci\u00f3n de subvenciones, pues la empresa no concede ayudas p\u00fablicas ni subvenciones conforme la \u00a0Ley 38\/2003, de 17 de noviembre, General de Subvenciones. Seg\u00fan indica, el art\u00edculo 3 de la Ley 9\/2017, de 8 de noviembre, de Contratos del Sector [&hellip;]<\/p>\n","protected":false},"author":1,"featured_media":0,"parent":476,"menu_order":0,"comment_status":"closed","ping_status":"closed","template":"","meta":{"_et_pb_use_builder":"on","_et_pb_old_content":"No son aplicables a la empresa BOUTIQUE DEL MANTEL, S.L. las normas referidas a la publicaci\u00f3n de subvenciones, pues la empresa no concede ayudas p\u00fablicas ni subvenciones conforme la <a href=\"https:\/\/www.boe.es\/buscar\/pdf\/2003\/BOE-A-2003-20977-consolidado.pdf\">\u00a0Ley 38\/2003, de 17 de noviembre, General de Subvenciones.<\/a>\r\n\r\nSeg\u00fan indica, el art\u00edculo 3 de la <a href=\"https:\/\/www.boe.es\/buscar\/pdf\/2017\/BOE-A-2017-12902-consolidado.pdf\">Ley 9\/2017, de 8 de noviembre, de Contratos del Sector P\u00fablico<\/a>, aunque somos una empresa privada.\r\n\r\nSin embargo, hemos sido beneficiarios o adjudicatarios de las siguientes ayudas p\u00fablicas o subvenciones, seg\u00fan se desprende del Sistema Nacional de Publicidad de Subvenciones y Ayudas P\u00fablicas:\r\n\r\n<a href=\"http:\/\/boutiquedelmantel.ymanera.es\/wp-content\/uploads\/2023\/05\/Ayudas-y-subvenciones_1.jpg\"><img class=\"alignnone size-large wp-image-485\" src=\"http:\/\/boutiquedelmantel.ymanera.es\/wp-content\/uploads\/2023\/05\/Ayudas-y-subvenciones_1-1024x696.jpg\" alt=\"\" width=\"1024\" height=\"696\" \/><\/a> <a href=\"http:\/\/boutiquedelmantel.ymanera.es\/wp-content\/uploads\/2023\/05\/Ayudas-y-subvenciones_2.jpg\"><img class=\"alignnone size-full wp-image-486\" src=\"http:\/\/boutiquedelmantel.ymanera.es\/wp-content\/uploads\/2023\/05\/Ayudas-y-subvenciones_2.jpg\" alt=\"\" width=\"993\" height=\"747\" \/><\/a> <a href=\"http:\/\/boutiquedelmantel.ymanera.es\/wp-content\/uploads\/2023\/05\/Ayudas-y-subvenciones_3.jpg\"><img class=\"alignnone size-full wp-image-487\" src=\"http:\/\/boutiquedelmantel.ymanera.es\/wp-content\/uploads\/2023\/05\/Ayudas-y-subvenciones_3.jpg\" alt=\"\" width=\"966\" height=\"372\" \/><\/a>\r\n\r\n\u00a0\r\n<p style=\"text-align: right;\"><strong>\u00daLTIMA ACTUALIZACI\u00d3N: 30 DE JUNIO 2022<\/strong><\/p>","_et_gb_content_width":"","footnotes":""},"class_list":["post-484","page","type-page","status-publish","hentry"],"_links":{"self":[{"href":"https:\/\/boutiquedelmantel.com\/index.php?rest_route=\/wp\/v2\/pages\/484","targetHints":{"allow":["GET"]}}],"collection":[{"href":"https:\/\/boutiquedelmantel.com\/index.php?rest_route=\/wp\/v2\/pages"}],"about":[{"href":"https:\/\/boutiquedelmantel.com\/index.php?rest_route=\/wp\/v2\/types\/page"}],"author":[{"embeddable":true,"href":"https:\/\/boutiquedelmantel.com\/index.php?rest_route=\/wp\/v2\/users\/1"}],"replies":[{"embeddable":true,"href":"https:\/\/boutiquedelmantel.com\/index.php?rest_route=%2Fwp%2Fv2%2Fcomments&post=484"}],"version-history":[{"count":3,"href":"https:\/\/boutiquedelmantel.com\/index.php?rest_route=\/wp\/v2\/pages\/484\/revisions"}],"predecessor-version":[{"id":564,"href":"https:\/\/boutiquedelmantel.com\/index.php?rest_route=\/wp\/v2\/pages\/484\/revisions\/564"}],"up":[{"embeddable":true,"href":"https:\/\/boutiquedelmantel.com\/index.php?rest_route=\/wp\/v2\/pages\/476"}],"wp:attachment":[{"href":"https:\/\/boutiquedelmantel.com\/index.php?rest_route=%2Fwp%2Fv2%2Fmedia&parent=484"}],"curies":[{"name":"wp","href":"https:\/\/api.w.org\/{rel}","templated":true}]}}