{"id":476,"date":"2023-05-23T09:55:59","date_gmt":"2023-05-23T08:55:59","guid":{"rendered":"http:\/\/boutiquedelmantel.ymanera.es\/?page_id=476"},"modified":"2025-02-20T09:43:09","modified_gmt":"2025-02-20T09:43:09","slug":"transparencia","status":"publish","type":"page","link":"https:\/\/boutiquedelmantel.com\/?page_id=476","title":{"rendered":"Transparencia"},"content":{"rendered":"<p>[et_pb_section fb_built=\u00bb1&#8243; admin_label=\u00bbsection\u00bb _builder_version=\u00bb4.16&#8243; global_colors_info=\u00bb{}\u00bb theme_builder_area=\u00bbpost_content\u00bb][et_pb_row admin_label=\u00bbrow\u00bb _builder_version=\u00bb4.16&#8243; background_size=\u00bbinitial\u00bb background_position=\u00bbtop_left\u00bb background_repeat=\u00bbrepeat\u00bb global_colors_info=\u00bb{}\u00bb theme_builder_area=\u00bbpost_content\u00bb][et_pb_column type=\u00bb4_4&#8243; _builder_version=\u00bb4.16&#8243; custom_padding=\u00bb|||\u00bb global_colors_info=\u00bb{}\u00bb custom_padding__hover=\u00bb|||\u00bb theme_builder_area=\u00bbpost_content\u00bb][et_pb_text admin_label=\u00bbText\u00bb _builder_version=\u00bb4.27.2&#8243; background_size=\u00bbinitial\u00bb background_position=\u00bbtop_left\u00bb background_repeat=\u00bbrepeat\u00bb hover_enabled=\u00bb0&#8243; global_colors_info=\u00bb{}\u00bb theme_builder_area=\u00bbpost_content\u00bb sticky_enabled=\u00bb0&#8243;]<\/p>\n<p>El portal de transparencia de BOUTIQUE DEL MANTEL, S.L., tiene por objeto centralizar y poner a disposici\u00f3n de cualquier persona toda la informaci\u00f3n relacionada con la actividad y gesti\u00f3n de esta empresa, cumpliendo con lo establecido en las normativas relacionadas con la\u00a0\u00a0<a href=\"https:\/\/www.boe.es\/buscar\/pdf\/2013\/BOE-A-2013-12887-consolidado.pdf\">Ley 19\/2013 de Transparencia, Acceso a la Informaci\u00f3n P\u00fablica y Buen Gobierno<\/a>\u00a0y\u00a0<a href=\"https:\/\/www.gobiernodecanarias.org\/libroazul\/pdf\/71248.pdf\">Ley 12\/2014 de\u00a0Transparencia y de acceso a la informaci\u00f3n p\u00fablica.<\/a><\/p>\n<p>El portal permite ofrecer, de forma sencilla y clara, toda la informaci\u00f3n p\u00fablica que se genera desde esta empresa, garantizando el derecho a la informaci\u00f3n p\u00fablica y contribuyendo a la participaci\u00f3n ciudadana.<\/p>\n<p>El conjunto de los contenidos informativos que se muestran, se regula en el\u00a0<a href=\"https:\/\/transparenciacanarias.org\/evaluacion\/mapa-de-obligaciones\/\">Mapa de obligaciones de publicidad activa<\/a>,\u00a0que var\u00edan seg\u00fan la\u00a0naturaleza de cada entidad y\u00a0se encuentran definidos en las leyes de transparencia. Acceda al\u00a0<a href=\"https:\/\/transparenciacanarias.org\/\">Comisionado de Transparencia<\/a><\/p>\n<p style=\"text-align: right;\">\u00daLTIMA ACTUALIZACI\u00d3N:<br \/><strong>6 DE FEBRERO DE 2025<\/strong><\/p>\n<p>[\/et_pb_text][\/et_pb_column][\/et_pb_row][\/et_pb_section]<\/p>\n","protected":false},"excerpt":{"rendered":"<p>El portal de transparencia de BOUTIQUE DEL MANTEL, S.L., tiene por objeto centralizar y poner a disposici\u00f3n de cualquier persona toda la informaci\u00f3n relacionada con la actividad y gesti\u00f3n de esta empresa, cumpliendo con lo establecido en las normativas relacionadas con la\u00a0\u00a0Ley 19\/2013 de Transparencia, Acceso a la Informaci\u00f3n P\u00fablica y Buen Gobierno\u00a0y\u00a0Ley 12\/2014 de\u00a0Transparencia [&hellip;]<\/p>\n","protected":false},"author":1,"featured_media":0,"parent":0,"menu_order":0,"comment_status":"closed","ping_status":"closed","template":"","meta":{"_et_pb_use_builder":"on","_et_pb_old_content":"El portal de transparencia de BOUTIQUE DEL MANTEL, S.L., tiene por objeto centralizar y poner a disposici\u00f3n de cualquier persona toda la informaci\u00f3n relacionada con la actividad y gesti\u00f3n de esta empresa, cumpliendo con lo establecido en las normativas relacionadas con la\u00a0\u00a0<a href=\"https:\/\/www.boe.es\/buscar\/pdf\/2013\/BOE-A-2013-12887-consolidado.pdf\">Ley 19\/2013 de Transparencia, Acceso a la Informaci\u00f3n P\u00fablica y Buen Gobierno<\/a>\u00a0y\u00a0<a href=\"https:\/\/www.gobiernodecanarias.org\/libroazul\/pdf\/71248.pdf\">Ley 12\/2014 de\u00a0Transparencia y de acceso a la informaci\u00f3n p\u00fablica.<\/a>\r\n\r\nEl portal permite ofrecer, de forma sencilla y clara, toda la informaci\u00f3n p\u00fablica que se genera desde esta empresa, garantizando el derecho a la informaci\u00f3n p\u00fablica y contribuyendo a la participaci\u00f3n ciudadana.\r\n\r\nEl conjunto de los contenidos informativos que se muestran, se regula en el\u00a0<a href=\"https:\/\/transparenciacanarias.org\/evaluacion\/mapa-de-obligaciones\/\">Mapa de obligaciones de publicidad activa<\/a>,\u00a0que var\u00edan seg\u00fan la\u00a0naturaleza de cada entidad y\u00a0se encuentran definidos en las leyes de transparencia. Acceda al\u00a0<a href=\"https:\/\/transparenciacanarias.org\/\">Comisionado de Transparencia<\/a>\r\n<p style=\"text-align: right;\"><strong>\u00daLTIMA ACTUALIZACI\u00d3N: 30 DE JUNIO 2022<\/strong><\/p>","_et_gb_content_width":"","footnotes":""},"class_list":["post-476","page","type-page","status-publish","hentry"],"_links":{"self":[{"href":"https:\/\/boutiquedelmantel.com\/index.php?rest_route=\/wp\/v2\/pages\/476","targetHints":{"allow":["GET"]}}],"collection":[{"href":"https:\/\/boutiquedelmantel.com\/index.php?rest_route=\/wp\/v2\/pages"}],"about":[{"href":"https:\/\/boutiquedelmantel.com\/index.php?rest_route=\/wp\/v2\/types\/page"}],"author":[{"embeddable":true,"href":"https:\/\/boutiquedelmantel.com\/index.php?rest_route=\/wp\/v2\/users\/1"}],"replies":[{"embeddable":true,"href":"https:\/\/boutiquedelmantel.com\/index.php?rest_route=%2Fwp%2Fv2%2Fcomments&post=476"}],"version-history":[{"count":3,"href":"https:\/\/boutiquedelmantel.com\/index.php?rest_route=\/wp\/v2\/pages\/476\/revisions"}],"predecessor-version":[{"id":553,"href":"https:\/\/boutiquedelmantel.com\/index.php?rest_route=\/wp\/v2\/pages\/476\/revisions\/553"}],"wp:attachment":[{"href":"https:\/\/boutiquedelmantel.com\/index.php?rest_route=%2Fwp%2Fv2%2Fmedia&parent=476"}],"curies":[{"name":"wp","href":"https:\/\/api.w.org\/{rel}","templated":true}]}}