{"id":452,"date":"2023-05-23T09:30:06","date_gmt":"2023-05-23T08:30:06","guid":{"rendered":"http:\/\/boutiquedelmantel.ymanera.es\/?page_id=452"},"modified":"2023-05-23T09:43:12","modified_gmt":"2023-05-23T08:43:12","slug":"la-empresa","status":"publish","type":"page","link":"https:\/\/boutiquedelmantel.com\/?page_id=452","title":{"rendered":"La empresa"},"content":{"rendered":"<p>[et_pb_section fb_built=\u00bb1&#8243; fullwidth=\u00bbon\u00bb theme_builder_area=\u00bbpost_content\u00bb _builder_version=\u00bb4.21.0&#8243; _module_preset=\u00bbdefault\u00bb][et_pb_fullwidth_post_title _builder_version=\u00bb4.21.0&#8243; _module_preset=\u00bbdefault\u00bb theme_builder_area=\u00bbpost_content\u00bb meta=\u00bboff\u00bb featured_placement=\u00bbbackground\u00bb text_orientation=\u00bbcenter\u00bb text_color=\u00bblight\u00bb title_font_size=\u00bb58px\u00bb title_text_shadow_style=\u00bbpreset1&#8243; hover_enabled=\u00bb0&#8243; sticky_enabled=\u00bb0&#8243;][\/et_pb_fullwidth_post_title][\/et_pb_section][et_pb_section fb_built=\u00bb1&#8243; _builder_version=\u00bb4.21.0&#8243; _module_preset=\u00bbdefault\u00bb global_colors_info=\u00bb{}\u00bb][et_pb_row _builder_version=\u00bb4.21.0&#8243; _module_preset=\u00bbdefault\u00bb global_colors_info=\u00bb{}\u00bb column_structure=\u00bb2_5,3_5&#8243;][et_pb_column type=\u00bb2_5&#8243; _builder_version=\u00bb4.21.0&#8243; _module_preset=\u00bbdefault\u00bb global_colors_info=\u00bb{}\u00bb][et_pb_image src=\u00bbhttp:\/\/boutiquedelmantel.ymanera.es\/wp-content\/uploads\/2021\/11\/Boutique-del-Mantel-LOGO-POSITIVO.png\u00bb _builder_version=\u00bb4.21.0&#8243; _module_preset=\u00bbdefault\u00bb title_text=\u00bbBoutique del Mantel &#8211; LOGO POSITIVO\u00bb hover_enabled=\u00bb0&#8243; sticky_enabled=\u00bb0&#8243;][\/et_pb_image][\/et_pb_column][et_pb_column type=\u00bb3_5&#8243; _builder_version=\u00bb4.21.0&#8243; _module_preset=\u00bbdefault\u00bb global_colors_info=\u00bb{}\u00bb][et_pb_text _builder_version=\u00bb4.21.0&#8243; _module_preset=\u00bbdefault\u00bb hover_enabled=\u00bb0&#8243; global_colors_info=\u00bb{}\u00bb text_font_size=\u00bb18px\u00bb text_line_height=\u00bb1.8em\u00bb text_font=\u00bbABeeZee|300|||||||\u00bb sticky_enabled=\u00bb0&#8243;]<\/p>\n<p><strong>Boutique del Mantel<\/strong> cuenta con una amplia experiencia asesorando al profesional y al particular en materia Manteler\u00eda, mantones y textil en general de la m\u00e1s alta calidad. Calidad que va m\u00e1s all\u00e1 de nuestros productos, pues se hace extensiva a nuestro servicio y atenci\u00f3n al cliente.<\/p>\n<p align=\"left\">Ofrecemos a nuestros clientes <strong>productos de alta calidad<\/strong>, que cubran sus expectativas, exigencias y necesidades, generando confianza plena de servicio.<\/p>\n<p>Buscamos el<strong> crecimiento continuo<\/strong> que nos lleve al alcance de nuestras metas de calidad y servicio, que al tiempo generen beneficios a nuestros clientes.<\/p>\n<p>La<strong> confianza de nuestros clientes<\/strong> en estos a\u00f1os es nuestra mejor garant\u00eda y esta supone nuestro est\u00edmulo por la preocupaci\u00f3n del trabajo bien hecho.<\/p>\n<p>[\/et_pb_text][\/et_pb_column][\/et_pb_row][\/et_pb_section]<\/p>\n","protected":false},"excerpt":{"rendered":"<p>Boutique del Mantel cuenta con una amplia experiencia asesorando al profesional y al particular en materia Manteler\u00eda, mantones y textil en general de la m\u00e1s alta calidad. Calidad que va m\u00e1s all\u00e1 de nuestros productos, pues se hace extensiva a nuestro servicio y atenci\u00f3n al cliente. Ofrecemos a nuestros clientes productos de alta calidad, que [&hellip;]<\/p>\n","protected":false},"author":1,"featured_media":96,"parent":0,"menu_order":0,"comment_status":"closed","ping_status":"closed","template":"","meta":{"_et_pb_use_builder":"on","_et_pb_old_content":"","_et_gb_content_width":"","footnotes":""},"class_list":["post-452","page","type-page","status-publish","has-post-thumbnail","hentry"],"_links":{"self":[{"href":"https:\/\/boutiquedelmantel.com\/index.php?rest_route=\/wp\/v2\/pages\/452","targetHints":{"allow":["GET"]}}],"collection":[{"href":"https:\/\/boutiquedelmantel.com\/index.php?rest_route=\/wp\/v2\/pages"}],"about":[{"href":"https:\/\/boutiquedelmantel.com\/index.php?rest_route=\/wp\/v2\/types\/page"}],"author":[{"embeddable":true,"href":"https:\/\/boutiquedelmantel.com\/index.php?rest_route=\/wp\/v2\/users\/1"}],"replies":[{"embeddable":true,"href":"https:\/\/boutiquedelmantel.com\/index.php?rest_route=%2Fwp%2Fv2%2Fcomments&post=452"}],"version-history":[{"count":4,"href":"https:\/\/boutiquedelmantel.com\/index.php?rest_route=\/wp\/v2\/pages\/452\/revisions"}],"predecessor-version":[{"id":462,"href":"https:\/\/boutiquedelmantel.com\/index.php?rest_route=\/wp\/v2\/pages\/452\/revisions\/462"}],"wp:featuredmedia":[{"embeddable":true,"href":"https:\/\/boutiquedelmantel.com\/index.php?rest_route=\/wp\/v2\/media\/96"}],"wp:attachment":[{"href":"https:\/\/boutiquedelmantel.com\/index.php?rest_route=%2Fwp%2Fv2%2Fmedia&parent=452"}],"curies":[{"name":"wp","href":"https:\/\/api.w.org\/{rel}","templated":true}]}}